{"id":2513,"date":"2023-04-14T11:56:58","date_gmt":"2023-04-14T09:56:58","guid":{"rendered":"https:\/\/grboslovlje.eu\/?page_id=2513"},"modified":"2024-05-20T17:29:14","modified_gmt":"2024-05-20T15:29:14","slug":"pocetna","status":"publish","type":"page","link":"https:\/\/grboslovlje.eu\/","title":{"rendered":"Po\u010detna"},"content":{"rendered":"<div class=\"wp-block-image\">\r\n<figure class=\"aligncenter size-large\"><img loading=\"lazy\" decoding=\"async\" width=\"1024\" height=\"421\" class=\"wp-image-2511\" src=\"https:\/\/grboslovlje.eu\/wp-content\/uploads\/2023\/04\/Knezovic-cavalie-1-1024x421.png\" alt=\"\" \/><\/figure>\r\n<\/div>\r\n\r\n\r\n<p><span style=\"color: #ff0000;\">Dobro do\u0161li<\/span> na stranice skupljenih i izdanih grbova <span style=\"color: #ff0000;\">Hrvatske, Bosanske, Dalmatinske i Slavonske Krune<\/span>, njihovih <span style=\"color: #ff0000;\">vladara i Regija<\/span>, samostalnih <span style=\"color: #ff0000;\">Kne\u017eevina i Republika<\/span>, <span style=\"color: #ff0000;\">Hrvatskog plemstva i gospode<\/span> te grbova <span style=\"color: #ff0000;\">organizacija i njihovog vite\u0161kog \u010dlanstva scene za o\u017eivljavanje povijesti<\/span>.<\/p>\r\n\r\n\r\n\r\n<p class=\"has-text-align-center\">Ove stranice izra\u0111ene su u suradnji sa <a href=\"https:\/\/sinovimonarhije.hr\/\"><span style=\"color: #ff0000;\">Udrugom Sinovi Monarhije<\/span><\/a><\/p>\r\n\r\n\r\n<div class=\"wp-block-image is-style-default\">\r\n<figure class=\"aligncenter size-full\"><a href=\"http:\/\/www.sinovimonarhije.hr\"><img loading=\"lazy\" decoding=\"async\" width=\"465\" height=\"464\" class=\"wp-image-2523\" src=\"https:\/\/grboslovlje.eu\/wp-content\/uploads\/2023\/04\/sm.png\" alt=\"\" \/><\/a><\/figure>\r\n<\/div>","protected":false},"excerpt":{"rendered":"<p>Dobro do\u0161li na stranice skupljenih i izdanih grbova Hrvatske, Bosanske, Dalmatinske i Slavonske Krune, njihovih vladara i Regija, samostalnih Kne\u017eevina i Republika, Hrvatskog plemstva i gospode te grbova organizacija i njihovog vite\u0161kog \u010dlanstva scene za o\u017eivljavanje povijesti. Ove stranice izra\u0111ene su u suradnji sa Udrugom Sinovi Monarhije<\/p>\n","protected":false},"author":1,"featured_media":0,"parent":0,"menu_order":0,"comment_status":"closed","ping_status":"closed","template":"","meta":{"inline_featured_image":false,"footnotes":""},"class_list":["post-2513","page","type-page","status-publish","hentry"],"rttpg_featured_image_url":null,"rttpg_author":{"display_name":"Hrvoje Knezovi\u0107","author_link":"https:\/\/grboslovlje.eu\/index.php\/author\/qehadlbah\/"},"rttpg_comment":0,"rttpg_category":null,"rttpg_excerpt":"Dobro do\u0161li na stranice skupljenih i izdanih grbova Hrvatske, Bosanske, Dalmatinske i Slavonske Krune, njihovih vladara i Regija, samostalnih Kne\u017eevina i Republika, Hrvatskog plemstva i gospode te grbova organizacija i njihovog vite\u0161kog \u010dlanstva scene za o\u017eivljavanje povijesti. Ove stranice izra\u0111ene su u suradnji sa Udrugom Sinovi Monarhije","_links":{"self":[{"href":"https:\/\/grboslovlje.eu\/index.php\/wp-json\/wp\/v2\/pages\/2513","targetHints":{"allow":["GET"]}}],"collection":[{"href":"https:\/\/grboslovlje.eu\/index.php\/wp-json\/wp\/v2\/pages"}],"about":[{"href":"https:\/\/grboslovlje.eu\/index.php\/wp-json\/wp\/v2\/types\/page"}],"author":[{"embeddable":true,"href":"https:\/\/grboslovlje.eu\/index.php\/wp-json\/wp\/v2\/users\/1"}],"replies":[{"embeddable":true,"href":"https:\/\/grboslovlje.eu\/index.php\/wp-json\/wp\/v2\/comments?post=2513"}],"version-history":[{"count":11,"href":"https:\/\/grboslovlje.eu\/index.php\/wp-json\/wp\/v2\/pages\/2513\/revisions"}],"predecessor-version":[{"id":3118,"href":"https:\/\/grboslovlje.eu\/index.php\/wp-json\/wp\/v2\/pages\/2513\/revisions\/3118"}],"wp:attachment":[{"href":"https:\/\/grboslovlje.eu\/index.php\/wp-json\/wp\/v2\/media?parent=2513"}],"curies":[{"name":"wp","href":"https:\/\/api.w.org\/{rel}","templated":true}]}}